Evaluate -9 + 2 + (-7 - ((-8 - 5) + -1)).
0
Calculate (3 - -3 - (9 + 1) - -10) + 12.
18
Evaluate (-93 + 27 - -108) + (-10 - 0).
32
(-23 - 4) + 11 - 1
-17
Calculate (-8 - -7 - (-1 + -8)) + -42.
-34
Evaluate (12 - 16 - -22) + 32 + -55.
-5
What is the value of -226 - -256 - (-1 + 51)?
-20
-8 + (1 - -7) + -4 + 12 + 7
15
Evaluate (19 - 29) + (3 + -6 - 9).
-22
Evaluate -27 - (-2 + 1 + -12).
-14
Calculate (-3 - (9 - (10 + 5))) + 5.
8
Calculate 16 - ((0 - 4) + (12 - (-9 - -13))).
12
What is the value of 48 + -63 - ((-12 - -6) + -40)?
31
Calculate (-5 - -5) + (42 - 57 - (0 - 0)).
-15
22 + -9 + -18 + 8
3
(-2 - -21) + -17 + -13 + (35 - 12)
12
What is the value of -1 - -8 - (-7 - (-30 + 15))?
-1
(5 - 18) + 11 + (9 - 2)
5
What is the value of -3 - ((22 - 28 - (-2 - 9)) + -29)?
21
Calculate (-1 - (-2 + 33)) + -4008 + 4027.
-13
Evaluate 81 + -42 + -42 + -1 + 5 + 0.
1
Evaluate 3 - (-18 - -23 - (-2 + -1 - -15)).
10
What is -20 + 3 + -1 + 9?
-9
Evaluate 9 - (17 + -26 + 0).
18
What is (-155 - -122) + (1 - -28)?
-4
(4 - 38) + 2 - -9 - -5
-18
(7 - (13 - 10)) + (7 - 14)
-3
What is the value of 1 + 0 - (-800 + 790)?
11
Evaluate -1 + 0 + 2 + -3 + (-78 - -81).
1
What is -8 + (2 + 7 - 0) + 13?
14
Evaluate (-162 - -113) + -3 + 16.
-36
5 - (-2 + 6 - -21)
-20
What is (-4 - 22 - -25) + -1 + -3?
-5
223 + -225 - (-17 + 1) - (-1 - 3)
18
Calculate -14 - 1 - (-37 + 69 - 26) - -1.
-20
What is the value of 7 + -7 + -2 + 9 + -15 + 19?
11
Evaluate 23 + -8 + -5 - (-1 - -2 - 1).
10
Calculate (46 - -3 - 61) + 29 + 1.
18
Evaluate -5 - (-1 - -10 - (-26 + 30 + -1)).
-11
Calculate -43 + (1 - -11 - (501 + -503)).
-29
Evaluate (-9 - -10 - 0 - -1) + -15 + 3.
-10
Calculate (0 - -1) + (1 - 22 - -11).
-9
Calculate -5 + (-2 - 1 - (20 - 22) - 8).
-14
What is -1 + 6 + 8 + -12 + 3?
4
What is 11 + 3 + (-7 + 4 - 7)?
4
6 + 3 - -12 - 10
11
Evaluate 6 + -4 + -2 - (-12 + 11).
1
Calculate (38 - 7) + (7 + 14 - 27).
25
Evaluate -4 - (-14 + 10) - 7 - (-15 - 1).
9
Calculate (-10 - 40 - -48) + -4 + -1 + 1.
-6
What is the value of (-8 - (-13 - (1 - 8))) + -8?
-10
-55 + (20 - 31) - -38
-28
What is the value of -6 - (-13 + (-14 - -21))?
0
What is 2 - 9 - (-11 - -2 - (2 + -16))?
-12
-8 + 21 + 21 - 27
7
-16 + 109 + -65 + 0 + -15
13
What is (28 + -3 - 3) + (218 - 228)?
12
What is the value of 15 + (6 + -9 - 7 - -5)?
10
-51 + 8 + 50 + (16 - (0 + -1))
24
Calculate 3 + (-45 - -15) - -13 - -52.
38
What is the value of 1 + (3 - -15) - 29?
-10
What is the value of 2 - -4 - (3 + (9 - 4)) - -4?
2
What is the value of 10 + -6 + 5 - (25 + -30)?
14
What is the value of (2 - -4 - -2) + (-2 - (-4 + 9))?
1
What is the value of (-2 + 3 - 7 - 1) + (66 - 65)?
-6
What is -150 - -166 - (-2 - -26)?
-8
10 + (-4 + -1 - 3)
2
What is the value of (2 - -5) + -14 + -1 + 15?
7
Calculate -14 - (1 + (-10 - -12)) - -15.
-2
What is 7 + -1 - (-10 - (-10 + 12))?
18
What is 1 + -15 - (-5 - -7)?
-16
What is the value of -5 + 9 + -1 + 7 + -8?
2
Evaluate -8 - (2 + -4 - 1) - -11.
6
Evaluate 7 - (-7 - (7 + (-5 - 7))).
9
What is the value of -41 + 5 + 13 - (-1 + (-1 - 1))?
-20
5 - (-3 - -11) - -7
4
What is 2 + 16 + (-13 - 12)?
-7
What is the value of 16 + 13 + -26 + 1?
4
(-11 - -25 - 18) + 3 - (2 - 10)
7
-19 - (-1 - 4 - 7 - -8 - 3)
-12
Evaluate (58 - 6) + -29 + -1.
22
Calculate (5 - 31) + 4 - (41 - 32).
-31
What is the value of (6 - 9) + (6 - (1 - 5)) + -17?
-10
What is -1 + (0 - -1) + (-18 + 24 - 17)?
-11
Evaluate -8 + -7 + 8 + -10 + (6 - -35).
24
Evaluate (-128 - -130) + (-3 - -11).
10
Evaluate ((-5 - (-10 - -8)) + 1 - 6) + -5.
-13
What is the value of -4 + (1 - 1) + -9 + 7 - -6?
0
Evaluate -1 + 6 + -1 + -19 + 3.
-12
3 - (5 + -11 + 10 + 10)
-11
What is -14 - (-20 + (2 - 17))?
21
Calculate (-10 - 0) + -38 + 51.
3
What is the value of (37 - 39) + -7 + -8?
-17
5 - (-2 + (13 - -1) + 5)
-12
What is the value of 1 + -4 + 2 + (11 - 4)?
6
What is the value of -4 - (10 - (2 + -11 + 4))?
-19
What is the value of (-4 - (-9 + 4)) + 2 + -3?
0
What is 8 + (-8 + 1 - (11 - 28 - 11))?
29
Evaluate -5 - -2 - (16 + -33).
14
What is (178 - 168) + (-32 - 0) + (0 - 3)?
-25
What is 6 - ((-14 - -46) + -30)?
4
What is the value of (-141 - -152 - (1 - -3)) + -4?
3
What is 0 + -25 - (-19 - (-37 + 21) - -1)?
-23
What is the value of 15 + 31 + -16 + -53?
-23
Calculate (66 - 68 - (1 - -7)) + 4.
-6
Evaluate 50 + -37 + (1 - 8) + -15.
-9
Calculate 11 + 3 + (0 - 28).
-14
What is (-11 + 5 - -4) + 9 + 10?
17
Evaluate (-1 - (14 + -1)) + 1088 + -1054.
20
Evaluate 50 + -43 - (-8 + 0).
15
What is 0 + (-20 - (0 - 10))?
-10
What is the value of (-10 - (1 + 2)) + (-25 - -25)?
-13
What is (-1 - 10) + (4 - -1) + -4 + 5?
-5
What is the value of -3 - (27 - 1) - (211 - 210)?
-30
Calculate -2 - 1 - (-37 - -14 - -13 - -24).
-17
What is the value of (2 + -1 - (-9 + 10)) + -2?
-2
Evaluate 6 + -2 - (-1 + 15 + -17).
7
What is the value of 7 + -11 + -5 - 5?
-14
Calculate -265 + 263 - (-1 + -15 - 2).
16
Evaluate 27 + 16 + -12 - 19.
12
Calculate (1 - -5 - -2) + 0.
8
4 + 4 + (-4 + 1 - (-68 + 66))
7
What is -4 - (5 + (2 - 7) - (-2 - -23))?
17
Calculate 0 + -15 + 22 + -31 + 13.
-11
What is the value of 18 - (-16 + 15) - (5 + 1)?
13
Evaluate -22 + -3 + -24 - -27.
-22
Calculate -2 - (-1 - -10 - (-10 + (4 - -11))).
-6
What is (11 + -3 - 6) + -5 + -2?
-5
(128 - 121) + (1 - (2 - 2) - 2)
6
Evaluate -74 + 61 + 6 + -1 + -10 + 9.
-9
What is the value of 10 - ((-3 - (7 - 17)) + 0) - -7?
10
Calculate -10 - (-7 + -8) - 7.
-2
What is the value of (15 - 12 - (-1 - 1) - 19) + 3?
-11
Evaluate 4 + 7 + -9 - (-18 + -8 + 5).
23
What is the value of -3 - (3 + -23 + 9) - 2?
6
What is (-8 - 12) + 28 + 4?
12
What is -230 - -218 - (-2 - 8)?
-2
What is the value of -31 - (-61 + 36) - (-10 - (-1 + 1))?
4
What is 13 - (29 + (12 - 19))?
-9
Evaluate (-2 - -1) + 9 - (-66 - -67).
7
(-3 - 1) + (8 - 3) + -1 + -3
-3
Calculate 1 + 1 + 37 - (-1221 + 1235).
25
9 - -9 - (-5 + 13)
10
What is the value of (-10 + -10 - -7) + -1 + 13?
-1
What is the value of 23 + -5 + (4 - (4 + 2))?
16
Evaluate -4 + (-23 - -20 - -3).
-4
Evaluate (-3 - -12) + -4 + -46 + 23.
-18
What is the value of -15 + (4 - 0) + (0 - -5)?
-6
Evaluate -13 + -6 - -13 - 4.
-10
Calculate (-21 - -11 - -6) + -3 + -1 - 2.
-10
Evaluate -12 + (-95 - -103 - (9 + 1)).
-14
Evaluate 21 - 11 - (5 - (5 + -8)).
2
0 + 27 - (61 + -11 - 47)
24
What is -2 - (18 - (11 + 1))?
-8
(1 - (9 - 12)) + -14
-10
Evaluate -535 + 547 - (1 - -24).
-13
What is -9 + 1 + -14 + 10 + -5?
-17
What is the value of ((4 - -9) + -16 - -2) + 10?
9
What is -244 + 232 + (1 - (1 - -9))?
-21
7 + -23 - -4 - (-14 - 3) - 16
-11
What is the value of 2 + 9 + -5 - (-2 + 9)?
-1
Evaluate (6 - 11) + -6 + 20 - 26.
-17
What is the value of -3 - (15 - (-11 - -7)) - (0 - 4)?
-18
What is -2 + 16 - (28 - 27)?
13
-31 + (12 - 10 - (9 - 19))
-19
What is -4 + (-10 - 0) - -8 - 7?
-13
Calculate (-2 - (2 - 3)) + (-37 - -14 - -15).
-9
-1 + -7 + (-173 - -191)
10
What is -40 + 0 + -17 + (54 - 28)?
-31
Calculate -1 + (23 - (20 - 15)).
17
What is the value of 7 + -13 + 6 + -3 - -12?
9
What is the value of 422 + -422 - (-4 + (1 - 0))?
3
-12 - -17 - (9 + -21 - (-3 - 2))
12
What is the value of 16 + (-19 - 1) + 2 + -1?
-3
What is (1 + -5 - (14 - 2)) + (-32 - -32)?
-16
-4 + -1 - (-108 - -111)
-8
Evaluate 20 + (8 - (-2 - -6)) - (-1 + 10).
15
(-8 - (15 + -7 + -10 - 8)) + -8
-6
Calculate 43 - (25 - (11 - 9)).
20
What is the value of (22 - 18) + -4 + 2 + 1?
3
Calculate 2 + (-1 + -6 - -6) - (3 - -1).
-3
Calculate -24 + 2 + 20 - 8.
-10
Calculate (20 - (8 - 13 - -14) - 3) + -9.
-1
Evaluate (-7 - -3 - -17) + -29 + -2.
-18
What is the value of (13 - 8 - -5) + -10 + (-2 - -1)?
-1
What is (-792 - -805) + (18 - 1)?
30
What is 6 - ((5 - (-3 - -5)) + 4 + -2)?
1
Evaluate -26 + -23 + 57 + -2.
6
Evaluate (-3 + -13 - (-53 - -76)) + 9.
-30
What is 597 - 601 - (-2 + 0 - -1 - 6)?
3
What is 4 + (7 - ((2 - -2) + -3 + 2))?
8
What is the value of (869 - 851) + (-12 - 1)?
5
What is -13 + (-2 - -3) - (-84 + 70)?
2
Evaluate -20 - -1 - (-179 - -144).
16
What is (10 - 29) + 17 + 18?
16
Calculate -39 + -4 - (-4 - 35).
-4
Evaluate 4 - (-1 + -1 - -4 - (11 + -21)).
-8
What is the value of 949 + -904 - (24 + 3)?
18
4 - (62 + -15) - -14
-29
Calculate 7 - (5 + -7 + 26 + -6 + -6).
-5
What is -17 + 14 + -19 - -20?
-2
Calculate (-1 - 3) + (-16 + -6 - -29).
3
(-1 - (7 + -12) - 19) + -2
-17
What is 14 